{"id":327,"date":"2022-04-29T15:25:47","date_gmt":"2022-04-29T15:25:47","guid":{"rendered":"http:\/\/lalanguedesoiseaux.fr\/?page_id=327"},"modified":"2022-04-29T16:34:22","modified_gmt":"2022-04-29T16:34:22","slug":"curiositextes-et-fictions-paralleles","status":"publish","type":"page","link":"https:\/\/lalanguedesoiseaux.fr\/?page_id=327","title":{"rendered":"Livres de Philippe Guinet"},"content":{"rendered":"<p><strong>\u00a0<\/strong>Dans cette rubrique, vous pourrez d\u00e9couvrir trois ouvrages \u00e9crits par Philippe Guinet : ces trois livres (\u00e9dit\u00e9s \u00e0 Thebookedition) contiennent, chacun \u00e0 leur fa\u00e7on, diff\u00e9rentes formes de litt\u00e9ratures br\u00e8ves entre fiction, humour et po\u00e9sie&#8230;:<\/p>\n<ul>\n<li><a href=\"https:\/\/www.thebookedition.com\/fr\/sage-est-ce-recueil-de-contes-p-348885.html\">Sage est-ce ? &#8211; Recueil de contes<\/a>\n<p><a href=\"http:\/\/lalanguedesoiseaux.fr\/wp-content\/uploads\/2022\/04\/sage-est-ce-recueil-de-contes.png\"><img loading=\"lazy\" decoding=\"async\" class=\"alignnone  wp-image-343\" src=\"http:\/\/lalanguedesoiseaux.fr\/wp-content\/uploads\/2022\/04\/sage-est-ce-recueil-de-contes.png\" alt=\"\" width=\"203\" height=\"314\" \/><\/a><br \/>\n<em>Voici quelques contes venus de loin ou du c\u0153ur de l&rsquo;intime, quelques petites histoires comme autant de baumes de simplicit\u00e9 en \u00e9cho \u00e0 une r\u00e9alit\u00e9 souvent complexe. Quoi de plus parlant qu&rsquo;une histoire, une m\u00e9taphore limpide pour \u00ab\u00a0aller mieux\u00a0\u00bb, l\u00e0 o\u00f9 l&rsquo;intemporel peut \u00e9clairer le pr\u00e9sent.<\/em> <i>Par les temps qui courent, d\u00e9talent, filent en trombe, nous avons parfois besoin de petites histoires qui nous recentrent, nous apaisent et nous donnent un brin de joie. C&rsquo;est toute l&rsquo;ambition de ce petit recueil o\u00f9 la profondeur joue \u00e0 cache-cache avec la l\u00e9g\u00e8ret\u00e9.<\/i>&nbsp;<\/li>\n<li><a href=\"https:\/\/www.thebookedition.com\/fr\/curiositextes-fictions-paralleles-p-367892.html\">Curiositextes et Fictions parall\u00e8les<\/a><\/li>\n<\/ul>\n<p><strong><a href=\"http:\/\/lalanguedesoiseaux.fr\/wp-content\/uploads\/2022\/04\/curiositextes-fictions-paralleles.png\"><img loading=\"lazy\" decoding=\"async\" class=\"alignnone wp-image-344\" src=\"http:\/\/lalanguedesoiseaux.fr\/wp-content\/uploads\/2022\/04\/curiositextes-fictions-paralleles.png\" alt=\"\" width=\"261\" height=\"392\" \/><\/a><\/strong><\/p>\n<p><em>Dans ce recueil de textes brefs, hormis certains contes de \u00ab sage est-ce ? \u00bb, Philippe explore certains\u00a0 chemins surr\u00e9alistes de traverse. Comme il aime parfois le rappeler : \u00ab Je ne sais pas \u00eatre s\u00e9rieux sans la moindre infinit\u00e9simale parcelle de d\u00e9connade&#8230; \u00bb<\/em><\/p>\n<ul>\n<li><a href=\"https:\/\/www.thebookedition.com\/fr\/consciences-fictions-p-381807.html\">Consciences Fictions<br \/>\n<\/a><a href=\"http:\/\/lalanguedesoiseaux.fr\/wp-content\/uploads\/2022\/04\/consciences-fictions.png\"><img loading=\"lazy\" decoding=\"async\" class=\"alignnone size-full wp-image-346\" src=\"http:\/\/lalanguedesoiseaux.fr\/wp-content\/uploads\/2022\/04\/consciences-fictions.png\" alt=\"\" width=\"297\" height=\"445\" \/><\/a><a href=\"https:\/\/www.thebookedition.com\/fr\/consciences-fictions-p-381807.html\"><br \/>\n<\/a><em>L&rsquo;auteur de bord est heureux de vous accueillir dans la capsule de \u00ab Consciences Fictions \u00bb. Cette fus\u00e9e-livre interstellaire vous emportera vers de nombreuses escales, tour \u00e0 tour initiatiques, surprenantes, dr\u00f4les, surr\u00e9alistes, po\u00e9tiques, d\u00e9paysantes.Durant ce voyage int\u00e9rieur, vous explorerez plusieurs \u00ab Conte(s)tellations de sage est-ce ? \u00bb sans oublier leurs satellites.<\/em><br \/>\n<em>Vous d\u00e9couvrirez les \u00ab Corps c\u00e9lestes circonvolutifs \u00bb o\u00f9 l&rsquo;on peut notamment se brancher sur \u00ab Cosmeetic \u00bb, le courrier du c\u0153ur galactique, trous noirs bienvenus.<\/em><br \/>\n<em>Et, pour finir en beaut\u00e9, vous pourrez contempler certaines \u00ab Paroles filantes\u00bb ! Pr\u00e9parez-vous \u00e0 partir tr\u00e8s loin.<\/em><br \/>\n<em>C\u2019est-\u00e0-dire ici-m\u00eame, en de multiples espaces-temps.<\/em><\/li>\n<\/ul>\n","protected":false},"excerpt":{"rendered":"<p>\u00a0Dans cette rubrique, vous pourrez d\u00e9couvrir trois ouvrages \u00e9crits par Philippe Guinet : ces trois livres (\u00e9dit\u00e9s \u00e0 Thebookedition) contiennent, chacun \u00e0 leur fa\u00e7on, diff\u00e9rentes formes de litt\u00e9ratures br\u00e8ves entre fiction, humour et po\u00e9sie&#8230;: Sage est-ce ? &#8211; Recueil de contes Voici quelques contes venus de loin ou du c\u0153ur de l&rsquo;intime, quelques petites histoires&#8230;<\/p>\n","protected":false},"author":2,"featured_media":0,"parent":0,"menu_order":0,"comment_status":"closed","ping_status":"closed","template":"","meta":{"footnotes":""},"_links":{"self":[{"href":"https:\/\/lalanguedesoiseaux.fr\/index.php?rest_route=\/wp\/v2\/pages\/327"}],"collection":[{"href":"https:\/\/lalanguedesoiseaux.fr\/index.php?rest_route=\/wp\/v2\/pages"}],"about":[{"href":"https:\/\/lalanguedesoiseaux.fr\/index.php?rest_route=\/wp\/v2\/types\/page"}],"author":[{"embeddable":true,"href":"https:\/\/lalanguedesoiseaux.fr\/index.php?rest_route=\/wp\/v2\/users\/2"}],"replies":[{"embeddable":true,"href":"https:\/\/lalanguedesoiseaux.fr\/index.php?rest_route=%2Fwp%2Fv2%2Fcomments&post=327"}],"version-history":[{"count":9,"href":"https:\/\/lalanguedesoiseaux.fr\/index.php?rest_route=\/wp\/v2\/pages\/327\/revisions"}],"predecessor-version":[{"id":348,"href":"https:\/\/lalanguedesoiseaux.fr\/index.php?rest_route=\/wp\/v2\/pages\/327\/revisions\/348"}],"wp:attachment":[{"href":"https:\/\/lalanguedesoiseaux.fr\/index.php?rest_route=%2Fwp%2Fv2%2Fmedia&parent=327"}],"curies":[{"name":"wp","href":"https:\/\/api.w.org\/{rel}","templated":true}]}}